 = 4*a - 8*p. Suppose -a*f + 3199 = -221. What is the greatest common divisor of 150 and f?
30
Let w = 661 + -617. Suppose -b - 88 = -4*j, -2*j + b + 44 = -3*b. What is the greatest common divisor of w and j?
22
Suppose -5*t + 4*j = -14, -3*t - 2*j = 2*t - 38. Suppose -a = a - t. Suppose 8 = o - 5*i, 5*i + 13 = a*o - 11. What is the greatest common divisor of o and 72?
8
Let w(h) be the third derivative of -h**5/60 + 3*h**4/4 + 5*h**3 - 39*h**2. Let f be w(19). Calculate the greatest common divisor of f and 297.
11
Suppose 39*o = 3*o - 14*o + 195000. Calculate the highest common divisor of 525 and o.
75
Let h be 56*-15*(-23)/1610. Let d = -2 - 0. Let j be -24*d*33/12. What is the greatest common divisor of h and j?
12
Let o be 15*(-7 - 300/(-45)) - -56. Let y be (1/(-2))/(2/(-1088)). What is the greatest common factor of o and y?
17
Let m(f) = f**2 - 15*f + 4. Let a be m(15). Suppose a*h + h = 10, -140 = -2*d - 5*h. What is the highest common divisor of d and 117?
13
Let f be -24 + (-36984)/(-132) + 20/11 + -2. Calculate the greatest common divisor of f and 6720.
64
Suppose 525 = z - 2*w, 8917*w - 2100 = -4*z + 8921*w. Let q(u) = u**2 + 4*u - 11. Let b be q(-8). Calculate the greatest common factor of b and z.
21
Suppose -176 = 8*p - 10*p. Let a(h) = 6*h**2 - 17*h + 41. Let v be a(3). What is the highest common divisor of p and v?
44
Let q be (-8 - 416/(-65))*115/(-4). Let c = 503 + -342. What is the greatest common factor of q and c?
23
Suppose -5*l + 0*l + 110 = 0. Suppose 2*i = 58 + l. Let z be ((-16)/i)/(2/(-50)). Calculate the highest common factor of z and 20.
10
Suppose -3*a - d = -105, 0*a + 123 = 3*a + 4*d. Calculate the highest common factor of a and 3861.
33
Let h(a) = 193*a + 389. Let m be h(-2). Let w(z) be the first derivative of -11*z**2/2 + 3. Let s be w(-3). What is the greatest common factor of s and m?
3
Let o(j) = 66*j**3 - 2*j - 1. Let g be o(3). Suppose y + 4*h - 331 = 0, -5*y + h + g = -3*h. What is the greatest common factor of y and 39?
39
Let x(b) = -13*b**2 + 1021*b - 154. Let c be x(78). Calculate the greatest common divisor of c and 504.
56
Let o be (-8)/(-1) - (-2)/28*0. What is the greatest common factor of 72 and o?
8
Suppose 43 = -11*v + 21. Let j be 3 + (12/v - -71). Let r be 67/4 - 2/(-8). Calculate the highest common factor of j and r.
17
Let q(y) = y**2 + 20*y - 249. Let u be q(25). What is the greatest common factor of u and 204?
12
Let c(v) = v**3 - 14*v**2 + 48*v + 71. Let g be c(7). What is the greatest common factor of g and 44?
4
Let s = 688 + -633. Suppose 9*l = 134 + s. Let t(x) = 189*x. Let m be t(1). What is the highest common divisor of l and m?
21
Suppose -2*v + 0*v + 16 = 4*s, 4*v = 5*s - 7. Let g(m) = 5*m - 5. Let x be g(v). Suppose -2520 = -x*a - 4*a. What is the highest common factor of a and 40?
40
Let a = 2726 - 2636. Let r(x) = 2*x**2 + x - 3. Suppose -s - 2 = -3*s, 3*s + 12 = 5*g. Let q be r(g). Calculate the greatest common factor of a and q.
18
Let h = 34016 - 11456. What is the highest common divisor of h and 47?
47
Let y be (6/4)/(18/24). Let x be y/6 + (-5680)/(-60). Let t be ((-340)/9)/(-1) - (-6)/27. Calculate the highest common divisor of x and t.
19
Suppose -3*w + 472 = 2*s, 8*s + 390 = 3*w - 152. What is the greatest common factor of w and 40?
2
Let n = 188 + -180. Let f = 31 - 60. Let p = f - -53. What is the greatest common factor of n and p?
8
Let x be 5 + -1*(-10)/7*7. Let r = -17 - -50. Suppose 3*v - x = r. What is the highest common factor of 4 and v?
4
Let g = -421 - -425. Suppose 3*s + g*x - 1825 = 0, -5*s + 2*x = -1129 - 1930. Calculate the highest common factor of s and 13.
13
Let l be 3395/13 - ((-90)/(-78) + -1). Let w = l + -247. Calculate the highest common factor of w and 224.
14
Let y = -298 + 310. Calculate the highest common divisor of 3426 and y.
6
Suppose x - 38 = -o - 4, 4*o - 5*x - 91 = 0. Suppose -o*c - 63 = -28*c. Let r = c - -82. Calculate the highest common divisor of 76 and r.
19
Suppose -17750*m + 17771*m - 42 = 0. Let f = -3 - -2. Let z be f - 1*-5 - 2. Calculate the highest common divisor of m and z.
2
Suppose 5*y - 17 = -3*f - 14, 204*f + 3009 = -y + 78*f. Suppose -2*v + 10 = 3*v. Suppose v*o = -50 + 440. What is the greatest common divisor of o and y?
15
Suppose 3*d + 0*d + 3*i = 132, 3*i = -3. Suppose 2*h - 51 = 3*o, 0 = -2*h + 5*o + d. What is the greatest common factor of 15 and h?
15
Let c be 5/(-10) + 1002/4. Suppose 0 = 80*l - 103*l + 230. What is the greatest common divisor of l and c?
10
Let u be (-4 - -8029) + 2*(-16)/(-8). Calculate the greatest common factor of 31 and u.
31
Let t = 739 + -756. Let k be ((-9)/(18/2))/(1/t). What is the greatest common factor of 629 and k?
17
Suppose 3*y - 437 = 22*y. Let d = y + 39. What is the greatest common divisor of d and 16?
16
Suppose -5*d + 14 = 2*s - 36, 5*d = -5*s + 35. Suppose -48 = 4*n - d*n. Calculate the greatest common factor of 108 and n.
6
Let r be (-3)/27 + 19670/126. Calculate the highest common factor of 24 and r.
12
Let v be 18*(0 + -2 + 10). Suppose -5*z = -2*z + v. Let k = 52 + z. What is the greatest common factor of k and 10?
2
Suppose 0 = -415*u - 5747 + 30647. What is the greatest common factor of u and 260?
20
Let u(n) = -3*n + 10. Let d be u(6). Let k be (8/6)/((-5)/((-2100)/d)). Let t be (1 + 0)*k/25*-5. What is the greatest common factor of 14 and t?
14
Let g be 7/(-2)*(-408)/(-119). Let w be (g/(-9))/(6/72). Calculate the greatest common divisor of 344 and w.
8
Suppose -13*t + 810 = 17*t. Suppose 15 = t*q - 39. Calculate the greatest common divisor of 98 and q.
2
Let x be 13 + (5 - -2) + -16. What is the greatest common factor of x and 214?
2
Let p(v) be the first derivative of -v**2/2 + 16*v + 7. Let x be p(-8). Suppose -x*n + 28*n - 44 = 0. Calculate the greatest common divisor of n and 1.
1
Let l = 74 + -38. Let v(d) = 5*d - 12 + 3*d**2 - 5*d + d**2 + 7*d. Let s be v(-6). What is the greatest common factor of l and s?
18
Suppose 29*t + 413*t - 50321 - 5371 = 0. What is the highest common factor of 4053 and t?
21
Let x(m) = 5*m + 5. Let w be x(16). Let a be (-1)/(-3) - w/(-15). Calculate the greatest common factor of a and 12.
6
Let w be (50/15)/(-5)*-12. Suppose -3 + w = u + o, 0 = 2*u - 5*o - 3. What is the highest common divisor of 2 and u?
2
Let x be (-503)/(-5) - (-12 - -16)/(260/39). What is the greatest common divisor of 196 and x?
4
Let x(q) = q**3 + 5*q**2 + q - 4. Let w be x(-4). Let h be (-2)/8 - (-194)/w. Let j = -2309 + 2333. Calculate the greatest common factor of j and h.
24
Suppose 0 = 4*m + 5*z - 36, -5*z + 29 = 3*m + 7. Let p(w) = 124*w**2 + 2*w. Let x be p(1). Calculate the highest common divisor of x and m.
14
Suppose 2*f = 7 + 27. Let q be (f - 2)/(-5) - -88. Let i = q - 78. Calculate the greatest common factor of 14 and i.
7
Suppose 5*q - 2 = 9*q - d, 2*d = -2*q + 4. Suppose q = -3*i + 2*i + 4*i. Suppose i = -3*t + 9*t - 210. What is the greatest common divisor of 5 and t?
5
Let z be 210/51 + (-2)/17. Suppose -4*w + 3916 = -z*a + 220, w - 3*a - 916 = 0. Calculate the greatest common factor of 116 and w.
116
Let q = -17 - -27. Suppose 0 = -3*a - 5*d + 245, -4*a + d - 4*d + 334 = 0. Suppose -480 = a*g - 91*g. Calculate the greatest common divisor of g and q.
10
Let v be (-6)/(-16) + 14184/64. Let c be (2 + 18/(-4))*(-64 - -62) - -69. What is the greatest common divisor of v and c?
74
Let k(c) = c**3 + 9*c**2 - 11*c + 8. Let f be k(-4). Let h = 96 + 8. Let b = -16 + h. What is the highest common divisor of f and b?
44
Let b = 0 + 21. Let n(p) = p**3 + 172*p**2 + 5*p + 1021. Let g be n(-172). Calculate the greatest common divisor of b and g.
7
Suppose -9141*r + 222 = -9135*r. What is the greatest common divisor of 5587 and r?
37
Let z = 25 - 13. Suppose 3*d = -2*q, -25*q + d = -20*q - 34. What is the highest common factor of q and z?
6
Suppose -6 = -2*o, 3*i - 1152*o + 1148*o = 285. Calculate the greatest common divisor of 1224 and i.
9
Let p be -4*(-2 + (-2)/(-3)*6). Let z be -3*(-8)/(-6)*10/p. What is the greatest common divisor of 3 and z?
1
Suppose -1715 = 88*o + 2901 - 21072. What is the highest common divisor of o and 13838?
187
Suppose 10*t + 2027 = 2047. Suppose -4*u - u + 6 = -2*x, 2*u = 5*x - 6. What is the highest common factor of x and